{"id":37,"date":"2013-02-07T01:25:28","date_gmt":"2013-02-06T23:25:28","guid":{"rendered":"http:\/\/amende.org\/neuseeland\/?page_id=37"},"modified":"2016-07-26T14:18:37","modified_gmt":"2016-07-26T12:18:37","slug":"uber-mich","status":"publish","type":"page","link":"http:\/\/ismaninga.de\/?page_id=37","title":{"rendered":"\u00dcber Mich"},"content":{"rendered":"<p>Servus,<\/p>\n<p>Ich bin Max Amende, der Autor dieser Website. Ich studiere im 7. Semester Wirtschaftsinformatik.<\/p>\n<p>Bereits bevor ich mit dem Gymnasium fertig geworden bin, habe ich f\u00fcr ein knappes Jahr f\u00fcr das Computer Magazin Chip Online gearbeitet. Nach dem Abitur stand f\u00fcr mich fest, das ich unbedingt etwas IT-lastiges studieren musste. Jedoch war mir noch nicht klar welcher Studiengang am besten zu mir passte. Deswegen habe ich ein Semester Englisch an der Victoria University of Wellington studiert.<\/p>\n<p>Nach diesem Jahr war meine Entscheidung gefallen, ich wollte Wirtschaftsinformatik studieren und das tue ich derzeit im 7. Semester.<br \/>\nEin weiteres Ziel, auf das ich seit dem Tag meiner Ankunft aus Neuseeland hingearbeitet habe war ein erneuter l\u00e4ngerer Auslandsaufenthalt. Dank einer Kooperation zwischen der HAW Landshut und der USC Upstate wurde das 2016 m\u00f6glich. Im Blog berichte ich \u00fcber die Abenteuer<\/p>\n","protected":false},"excerpt":{"rendered":"<p>Servus, Ich bin Max Amende, der Autor dieser Website. Ich studiere im 7. Semester Wirtschaftsinformatik. Bereits bevor ich mit dem Gymnasium fertig geworden bin, habe ich f\u00fcr ein knappes Jahr f\u00fcr das Computer Magazin Chip Online gearbeitet. Nach dem Abitur stand f\u00fcr mich fest, das ich unbedingt etwas IT-lastiges studieren musste. Jedoch war mir noch [&hellip;]<\/p>\n","protected":false},"author":1,"featured_media":0,"parent":0,"menu_order":0,"comment_status":"open","ping_status":"open","template":"","meta":{"ngg_post_thumbnail":0,"footnotes":""},"class_list":["post-37","page","type-page","status-publish","hentry"],"_links":{"self":[{"href":"http:\/\/ismaninga.de\/index.php?rest_route=\/wp\/v2\/pages\/37","targetHints":{"allow":["GET"]}}],"collection":[{"href":"http:\/\/ismaninga.de\/index.php?rest_route=\/wp\/v2\/pages"}],"about":[{"href":"http:\/\/ismaninga.de\/index.php?rest_route=\/wp\/v2\/types\/page"}],"author":[{"embeddable":true,"href":"http:\/\/ismaninga.de\/index.php?rest_route=\/wp\/v2\/users\/1"}],"replies":[{"embeddable":true,"href":"http:\/\/ismaninga.de\/index.php?rest_route=%2Fwp%2Fv2%2Fcomments&post=37"}],"version-history":[{"count":12,"href":"http:\/\/ismaninga.de\/index.php?rest_route=\/wp\/v2\/pages\/37\/revisions"}],"predecessor-version":[{"id":3432,"href":"http:\/\/ismaninga.de\/index.php?rest_route=\/wp\/v2\/pages\/37\/revisions\/3432"}],"wp:attachment":[{"href":"http:\/\/ismaninga.de\/index.php?rest_route=%2Fwp%2Fv2%2Fmedia&parent=37"}],"curies":[{"name":"wp","href":"https:\/\/api.w.org\/{rel}","templated":true}]}}